te the highest common divisor of 99 and 12741399.
99
What is the greatest common divisor of 123782 and 1888?
118
Calculate the greatest common divisor of 122 and 357521.
61
What is the highest common divisor of 5 and 7540935?
5
Calculate the highest common factor of 2970 and 292410.
270
What is the highest common divisor of 843064 and 119?
17
Calculate the greatest common divisor of 266 and 3264751.
133
Calculate the greatest common factor of 13338 and 9018.
54
What is the greatest common factor of 3192 and 2604?
84
What is the highest common factor of 936105 and 1020?
255
What is the greatest common factor of 8917 and 407?
37
Calculate the greatest common factor of 13246 and 1998.
74
What is the greatest common factor of 1155 and 1947715?
385
What is the highest common divisor of 5775 and 399?
21
What is the greatest common factor of 40 and 2728?
8
What is the greatest common factor of 1681032 and 4?
4
Calculate the highest common factor of 229060 and 468.
52
What is the greatest common factor of 4585757 and 11?
11
What is the highest common factor of 14 and 260?
2
Calculate the highest common divisor of 120060 and 5175.
1035
What is the highest common factor of 300 and 62925?
75
Calculate the greatest common divisor of 102 and 267410.
34
What is the greatest common factor of 68 and 779773?
17
What is the highest common divisor of 480125 and 3340?
835
Calculate the highest common divisor of 4452 and 708.
12
What is the greatest common divisor of 2242 and 152?
38
Calculate the highest common divisor of 48 and 1097392.
16
What is the greatest common factor of 677 and 2425691?
677
What is the greatest common divisor of 1128 and 19317?
141
Calculate the highest common divisor of 32656 and 64.
16
What is the greatest common factor of 60 and 58005?
15
What is the highest common factor of 206 and 95790?
206
What is the greatest common factor of 1398 and 4660?
466
Calculate the greatest common factor of 622782 and 9.
9
Calculate the greatest common divisor of 549 and 61854.
183
Calculate the greatest common divisor of 63420 and 2940.
420
What is the greatest common divisor of 3107654 and 22?
22
Calculate the greatest common factor of 214 and 2217254.
214
Calculate the highest common divisor of 7378 and 1088.
34
Calculate the greatest common divisor of 20 and 844660.
20
What is the greatest common divisor of 233 and 1186?
1
Calculate the greatest common divisor of 1156027 and 58.
29
Calculate the highest common divisor of 1199390 and 10.
10
Calculate the greatest common factor of 11562 and 328.
82
What is the greatest common factor of 1150 and 253?
23
What is the highest common factor of 410380 and 204?
68
What is the greatest common divisor of 56 and 6376?
8
Calculate the highest common divisor of 7308 and 6293.
203
Calculate the highest common factor of 320 and 3625.
5
Calculate the highest common factor of 158 and 157526.
158
Calculate the greatest common factor of 13132 and 86436.
196
Calculate the greatest common factor of 50 and 93360.
10
Calculate the greatest common divisor of 28 and 624876.
28
Calculate the highest common divisor of 448 and 104608.
224
Calculate the greatest common factor of 482 and 1051001.
241
What is the highest common factor of 3740 and 1666?
34
Calculate the greatest common factor of 805 and 307188.
161
Calculate the highest common factor of 6901 and 721.
103
Calculate the highest common divisor of 1265 and 27577.
253
What is the highest common factor of 4388304 and 48?
48
Calculate the greatest common factor of 171 and 213957.
9
Calculate the highest common divisor of 141816 and 608.
152
Calculate the highest common divisor of 31572 and 72.
36
Calculate the highest common factor of 10489 and 106741.
617
Calculate the highest common divisor of 174 and 544214.
58
What is the greatest common factor of 160 and 198608?
16
Calculate the highest common factor of 19 and 8472.
1
Calculate the highest common factor of 45 and 66765.
15
What is the highest common divisor of 612 and 822222?
306
Calculate the greatest common factor of 69683 and 34.
17
Calculate the highest common divisor of 211136 and 424.
8
Calculate the highest common factor of 221 and 6001.
17
Calculate the highest common factor of 4252 and 41.
1
Calculate the highest common factor of 10472 and 54502.
238
Calculate the highest common divisor of 79724 and 570.
38
Calculate the greatest common factor of 485 and 1218514.
97
What is the highest common factor of 1343022 and 6?
6
What is the greatest common divisor of 1164 and 1932?
12
Calculate the highest common factor of 4568 and 248.
8
Calculate the highest common factor of 6816 and 198516.
852
What is the greatest common factor of 3 and 10239?
3
Calculate the greatest common divisor of 85 and 22865.
85
Calculate the greatest common factor of 87 and 4235247.
87
Calculate the greatest common factor of 148830 and 45980.
1210
Calculate the greatest common factor of 3617507 and 151.
151
What is the highest common factor of 200 and 2650?
50
Calculate the highest common divisor of 272382 and 66.
66
Calculate the highest common divisor of 182 and 5187.
91
Calculate the greatest common factor of 1035605 and 25.
5
What is the greatest common factor of 100084 and 8908?
524
What is the greatest common divisor of 513 and 519213?
57
Calculate the highest common divisor of 23940 and 350.
70
Calculate the highest common divisor of 931 and 3038.
49
What is the greatest common factor of 328 and 10648?
8
What is the highest common divisor of 44 and 1826?
22
What is the greatest common factor of 3075 and 8733?
123
Calculate the greatest common factor of 832 and 2819648.
832
What is the highest common divisor of 924 and 5159?
77
Calculate the greatest common factor of 171 and 15738498.
171
Calculate the greatest common divisor of 7 and 16296.
7
Calculate the greatest common factor of 318 and 107113.
53
What is the highest common factor of 4 and 12813?
1
Calculate the greatest common factor of 6193 and 3941.
563
Calculate the greatest common divisor of 11797003 and 521.
521
What is the greatest common divisor of 383220 and 5?
5
What is the greatest common divisor of 539 and 380611?
77
What is the greatest common divisor of 742 and 179458?
106
Calculate the greatest common factor of 144 and 1210704.
48
Calculate the highest common divisor of 1241 and 34.
17
What is the highest common factor of 59653 and 29?
29
What is the highest common factor of 584550 and 75?
75
Calculate the greatest common factor of 36512 and 154.
14
Calculate the highest common factor of 306 and 9.
9
What is the greatest common factor of 2016 and 3507?
21
What is the greatest common factor of 832419 and 146?
73
What is the greatest common factor of 42090 and 1242?
138
Calculate the greatest common divisor of 6669 and 89661.
741
What is the highest common factor of 255 and 856545?
255
What is the highest common factor of 15573 and 56550?
87
Calculate the greatest common divisor of 123 and 83886.
123
Calculate the greatest common divisor of 1933 and 28534946.
1933
Calculate the greatest common factor of 69 and 98233.
23
Calculate the highest common divisor of 520 and 335.
5
Calculate the highest common factor of 50 and 4287550.
50
Calculate the greatest common factor of 177 and 57997.
59
Calculate the greatest common factor of 9234 and 13680.
342
What is the greatest common divisor of 23638 and 97674?
446
Calculate the highest common factor of 14 and 140690.
2
Calculate the highest common divisor of 41657 and 77.
77
What is the greatest common divisor of 11557 and 71617?
91
What is the highest common factor of 819592 and 318?
106
What is the greatest common divisor of 1332 and 8741028?
444
What is the greatest common factor of 39729 and 984?
123
Calculate the greatest common factor of 1856 and 11600.
464
Calculate the greatest common divisor of 115 and 73692.
23
Calculate the greatest common divisor of 13294 and 7820.
782
Calculate the greatest common factor of 1016169 and 371.
371
Calculate the greatest common factor of 140 and 40348.
28
Calculate the greatest common divisor of 74 and 37185.
37
What is the highest common divisor of 399 and 2745519?
399
What is the highest common divisor of 7 and 106883?
7
Calculate the highest common factor of 7030 and 76627.
70